{"id":42253,"date":"2025-06-03T10:12:25","date_gmt":"2025-06-03T08:12:25","guid":{"rendered":"https:\/\/www.incliva.es\/?post_type=ajde_events&#038;p=42253"},"modified":"2025-06-03T10:35:46","modified_gmt":"2025-06-03T08:35:46","slug":"comunicacion-social-de-la-ciencia-para-personal-investigador","status":"publish","type":"ajde_events","link":"https:\/\/www.incliva.es\/en\/events\/comunicacion-social-de-la-ciencia-para-personal-investigador\/","title":{"rendered":"Comunicaci\u00f3n social de la ciencia para personal investigador"},"content":{"rendered":"\n<p><strong>Fecha<\/strong>: jueves, 19 de junio<br><strong>Hora<\/strong>: de 12:00 a 14:00 horas<br>Presencial (recomendable) y online<br><strong>Lugar<\/strong>: Aula de Formaci\u00f3n de INCLIVA (Calle \u00c1lvaro de Baz\u00e1n, 10. Entresuelo)<br><strong>Inscripci\u00f3n<\/strong>: <a href=\"https:\/\/form.typeform.com\/to\/Ok7Ywrnl\">https:\/\/form.typeform.com\/to\/Ok7Ywrnl<\/a><br><strong><a rel=\"noreferrer noopener\" href=\"https:\/\/www.incliva.es\/wp-content\/uploads\/2025\/06\/Comunicacion-social-de-la-ciencia.pdf\" data-type=\"URL\" data-id=\"https:\/\/www.incliva.es\/wp-content\/uploads\/2025\/06\/Comunicacion-social-de-la-ciencia.pdf\" target=\"_blank\">Programa<\/a><\/strong><\/p>\n","protected":false},"author":13,"featured_media":0,"menu_order":0,"comment_status":"closed","ping_status":"closed","template":"","meta":[],"tags":[],"event_type":[],"event_type_2":[],"acf":[],"_links":{"self":[{"href":"https:\/\/www.incliva.es\/en\/wp-json\/wp\/v2\/ajde_events\/42253"}],"collection":[{"href":"https:\/\/www.incliva.es\/en\/wp-json\/wp\/v2\/ajde_events"}],"about":[{"href":"https:\/\/www.incliva.es\/en\/wp-json\/wp\/v2\/types\/ajde_events"}],"author":[{"embeddable":true,"href":"https:\/\/www.incliva.es\/en\/wp-json\/wp\/v2\/users\/13"}],"replies":[{"embeddable":true,"href":"https:\/\/www.incliva.es\/en\/wp-json\/wp\/v2\/comments?post=42253"}],"wp:attachment":[{"href":"https:\/\/www.incliva.es\/en\/wp-json\/wp\/v2\/media?parent=42253"}],"wp:term":[{"taxonomy":"post_tag","embeddable":true,"href":"https:\/\/www.incliva.es\/en\/wp-json\/wp\/v2\/tags?post=42253"},{"taxonomy":"event_type","embeddable":true,"href":"https:\/\/www.incliva.es\/en\/wp-json\/wp\/v2\/event_type?post=42253"},{"taxonomy":"event_type_2","embeddable":true,"href":"https:\/\/www.incliva.es\/en\/wp-json\/wp\/v2\/event_type_2?post=42253"}],"curies":[{"name":"wp","href":"https:\/\/api.w.org\/{rel}","templated":true}]}}

Comunicación social de la ciencia para personal investigador

<p><strong>Fecha</strong>: jueves, 19 de junio<br><strong>Hora</strong>: de 12:00 a 14:00 horas<br>Presencial (recomendable) y online<br><strong>Lugar</strong>: Aula de Formación de INCLIVA (Calle Álvaro de Bazán, 10. Entresuelo)<br><strong>Inscripción</strong>: <a href="https://form.typeform.com/to/Ok7Ywrnl">https://form.typeform.com/to/Ok7Ywrnl</a><br><strong><a rel="noreferrer noopener" href="https://www.incliva.es/wp-content/uploads/2025/06/Comunicacion-social-de-la-ciencia.pdf" data-type="URL" data-id="https://www.incliva.es/wp-content/uploads/2025/06/Comunicacion-social-de-la-ciencia.pdf" target="_blank">Programa</a></strong></p>
