{"id":40165,"date":"2025-03-11T14:38:05","date_gmt":"2025-03-11T12:38:05","guid":{"rendered":"https:\/\/www.incliva.es\/?post_type=ajde_events&#038;p=40165"},"modified":"2025-03-11T14:38:05","modified_gmt":"2025-03-11T12:38:05","slug":"curso-de-anatomia-quirurgica-aplicada-hepato-biliopancreatica-13a-edicion","status":"publish","type":"ajde_events","link":"https:\/\/www.incliva.es\/en\/events\/curso-de-anatomia-quirurgica-aplicada-hepato-biliopancreatica-13a-edicion\/","title":{"rendered":"CURSO DE ANATOM\u00cdA QUIR\u00daRGICA APLICADA HEPATO-BILIOPANCRE\u00c1TICA 13a edici\u00f3n"},"content":{"rendered":"\n<p><strong>Fecha<\/strong>: 23 de octubre de 2025<br><strong>Lugar<\/strong>: Sesiones te\u00f3ricas &#8211; Sal\u00f3n de actos INCLIVA Av Men\u00e9ndez y Pelayo 4 accesorio \/ Sesiones pr\u00e1cticas &#8211; Sala de Disecci\u00f3n. Departamento de Anatom\u00eda y Embriolog\u00eda Humana. Facultat de Medicina<br><strong>Inscripci\u00f3n<\/strong>:<\/p>\n\n\n\n<ul><li>Plazo de matr\u00edcula hasta el 20\/10\/2025<\/li><li>Cuota de inscripci\u00f3n: 650\u20ac para miembros de la Asociaci\u00f3n Espa\u00f1ola de Cirujanos (AEC).<br>690\u20ac para el resto de interesados.<\/li><li>Inscripci\u00f3n electr\u00f3nica a trav\u00e9s del siguiente enlace:<br><a rel=\"noreferrer noopener\" href=\"https:\/\/www.fundanet.incliva.es\/CursosCongresos\/\" target=\"_blank\">https:\/\/www.fundanet.incliva.es\/CursosCongresos\/<\/a><\/li><li>Una vez acceda a su \u201cPortal del alumno\u201d podr\u00e1 matricularse<br>visitando el apartado: \u201cCat\u00e1logo de Cursos\u201d \u201dRelaci\u00f3n de Cursos\u201d CURSOS<\/li><\/ul>\n\n\n\n<p><strong><a href=\"https:\/\/www.incliva.es\/wp-content\/uploads\/2025\/03\/PROGRAMA-13a-ED.-CURSO-HBP.pdf\" data-type=\"URL\" data-id=\"https:\/\/www.incliva.es\/wp-content\/uploads\/2025\/03\/PROGRAMA-13a-ED.-CURSO-HBP.pdf\" target=\"_blank\" rel=\"noreferrer noopener\">Programa<\/a><\/strong><\/p>\n","protected":false},"author":13,"featured_media":0,"menu_order":0,"comment_status":"closed","ping_status":"closed","template":"","meta":[],"tags":[],"event_type":[],"event_type_2":[],"acf":[],"_links":{"self":[{"href":"https:\/\/www.incliva.es\/en\/wp-json\/wp\/v2\/ajde_events\/40165"}],"collection":[{"href":"https:\/\/www.incliva.es\/en\/wp-json\/wp\/v2\/ajde_events"}],"about":[{"href":"https:\/\/www.incliva.es\/en\/wp-json\/wp\/v2\/types\/ajde_events"}],"author":[{"embeddable":true,"href":"https:\/\/www.incliva.es\/en\/wp-json\/wp\/v2\/users\/13"}],"replies":[{"embeddable":true,"href":"https:\/\/www.incliva.es\/en\/wp-json\/wp\/v2\/comments?post=40165"}],"wp:attachment":[{"href":"https:\/\/www.incliva.es\/en\/wp-json\/wp\/v2\/media?parent=40165"}],"wp:term":[{"taxonomy":"post_tag","embeddable":true,"href":"https:\/\/www.incliva.es\/en\/wp-json\/wp\/v2\/tags?post=40165"},{"taxonomy":"event_type","embeddable":true,"href":"https:\/\/www.incliva.es\/en\/wp-json\/wp\/v2\/event_type?post=40165"},{"taxonomy":"event_type_2","embeddable":true,"href":"https:\/\/www.incliva.es\/en\/wp-json\/wp\/v2\/event_type_2?post=40165"}],"curies":[{"name":"wp","href":"https:\/\/api.w.org\/{rel}","templated":true}]}}

CURSO DE ANATOMÍA QUIRÚRGICA APLICADA HEPATO-BILIOPANCREÁTICA 13a edición

<p><strong>Fecha</strong>: 23 de octubre de 2025<br><strong>Lugar</strong>: Sesiones teóricas &#8211; Salón de actos INCLIVA Av Menéndez y Pelayo 4 accesorio / Sesiones prácticas &#8211; Sala de Disección. Departamento de Anatomía y Embriología Humana. Facultat de Medicina<br><strong>Inscripción</strong>:</p>



<ul><li>Plazo de matrícula hasta el 20/10/2025</li><li>Cuota de inscripción: 650€ para miembros de la Asociación Española de Cirujanos (AEC).<br>690€ para el resto de interesados.</li><li>Inscripción electrónica a través del siguiente enlace:<br><a rel="noreferrer noopener" href="https://www.fundanet.incliva.es/CursosCongresos/" target="_blank">https://www.fundanet.incliva.es/CursosCongresos/</a></li><li>Una vez acceda a su “Portal del alumno” podrá matricularse<br>visitando el apartado: “Catálogo de Cursos” ”Relación de Cursos” CURSOS</li></ul>



<p><strong><a href="https://www.incliva.es/wp-content/uploads/2025/03/PROGRAMA-13a-ED.-CURSO-HBP.pdf" data-type="URL" data-id="https://www.incliva.es/wp-content/uploads/2025/03/PROGRAMA-13a-ED.-CURSO-HBP.pdf" target="_blank" rel="noreferrer noopener">Programa</a></strong></p>
